{"id":192,"date":"2024-03-05T19:05:27","date_gmt":"2024-03-05T19:05:27","guid":{"rendered":"https:\/\/arsur.es\/?page_id=192"},"modified":"2024-03-05T19:19:50","modified_gmt":"2024-03-05T19:19:50","slug":"seram","status":"publish","type":"page","link":"https:\/\/arsur.es\/index.php\/seram\/","title":{"rendered":"SERAM"},"content":{"rendered":"\n<p>La&nbsp;<strong>SERAM&nbsp;<\/strong>es una organizaci\u00f3n m\u00e9dico-cient\u00edfica y profesional dedicada a promocionar entre sus Socios la docencia, desarrollo, defensa e investigaci\u00f3n de todos los aspectos diagn\u00f3sticos y terap\u00e9uticos relacionados con la imagen m\u00e9dica, dando a conocer sus actividades a la poblaci\u00f3n general.<\/p>\n\n\n\n<p>Con el fin de conseguir una mayor operatividad y eficacia en la consecuci\u00f3n de sus fines, la SERAM se organiza en Filiales, que corresponden a la distribuci\u00f3n territorial de sus socios, integrando una o varias Comunidades Aut\u00f3nomas siendo la <strong>Asociaci\u00f3n de Radi\u00f3logos del Sur (ARS)<\/strong>, la filiar de la SERAM en Andaluc\u00eda<\/p>\n\n\n<div class=\"wp-block-image\">\n<figure class=\"aligncenter size-full is-resized\"><a href=\"https:\/\/seram.es\/\"><img decoding=\"async\" src=\"https:\/\/arsur.es\/wp-content\/uploads\/2024\/03\/descarga.png\" alt=\"\" class=\"wp-image-207\" width=\"265\" height=\"70\" srcset=\"https:\/\/arsur.es\/wp-content\/uploads\/2024\/03\/descarga.png 436w, https:\/\/arsur.es\/wp-content\/uploads\/2024\/03\/descarga-300x80.png 300w\" sizes=\"(max-width: 265px) 100vw, 265px\" \/><\/a><\/figure><\/div>","protected":false},"excerpt":{"rendered":"<p>La&nbsp;SERAM&nbsp;es una organizaci\u00f3n m\u00e9dico-cient\u00edfica y profesional dedicada a promocionar entre sus Socios la docencia, desarrollo, defensa e investigaci\u00f3n de todos los aspectos diagn\u00f3sticos y terap\u00e9uticos relacionados con la imagen m\u00e9dica, dando a conocer sus actividades a la poblaci\u00f3n general. Con el fin de conseguir una mayor operatividad y eficacia en la consecuci\u00f3n de sus fines,&#8230;<\/p>\n","protected":false},"author":1,"featured_media":0,"parent":0,"menu_order":0,"comment_status":"closed","ping_status":"closed","template":"","meta":[],"_links":{"self":[{"href":"https:\/\/arsur.es\/index.php\/wp-json\/wp\/v2\/pages\/192"}],"collection":[{"href":"https:\/\/arsur.es\/index.php\/wp-json\/wp\/v2\/pages"}],"about":[{"href":"https:\/\/arsur.es\/index.php\/wp-json\/wp\/v2\/types\/page"}],"author":[{"embeddable":true,"href":"https:\/\/arsur.es\/index.php\/wp-json\/wp\/v2\/users\/1"}],"replies":[{"embeddable":true,"href":"https:\/\/arsur.es\/index.php\/wp-json\/wp\/v2\/comments?post=192"}],"version-history":[{"count":5,"href":"https:\/\/arsur.es\/index.php\/wp-json\/wp\/v2\/pages\/192\/revisions"}],"predecessor-version":[{"id":209,"href":"https:\/\/arsur.es\/index.php\/wp-json\/wp\/v2\/pages\/192\/revisions\/209"}],"wp:attachment":[{"href":"https:\/\/arsur.es\/index.php\/wp-json\/wp\/v2\/media?parent=192"}],"curies":[{"name":"wp","href":"https:\/\/api.w.org\/{rel}","templated":true}]}}